{"id":261,"date":"2023-12-19T19:20:19","date_gmt":"2023-12-19T18:20:19","guid":{"rendered":"https:\/\/wiegehtesdir-comics.de\/?page_id=261"},"modified":"2023-12-22T15:22:57","modified_gmt":"2023-12-22T14:22:57","slug":"presse","status":"publish","type":"page","link":"https:\/\/wiegehtesdir-comics.de\/?page_id=261","title":{"rendered":"Presse"},"content":{"rendered":"<div class=\"wp-block-group alignwide is-layout-constrained wp-container-core-group-is-layout-bb8db2eb wp-block-group-is-layout-constrained\"><h2 style=\"font-size:24px;font-style:normal;font-weight:600;\" class=\"wp-block-post-title\">Presse<\/h2>\n\n<p style=\"font-size:18px\">Das Kulturamt der Stadt Erlangen begleitet das Projekt \u201eWie geht es dir? Zeichner*innen gegen Antisemitismus, Hass und Rassismus\u201c organisatorisch und koordiniert die Pressearbeit f\u00fcr die beteiligten K\u00fcnstler*innen. Sollten Sie Interesse an einem Gespr\u00e4ch mit einer*m der Initiator*innen haben, vermitteln wir das sehr gerne.<\/p>\n\n<p style=\"font-size:18px\">Es ist im Sinne der beteiligten K\u00fcnstler*innen, dass die Comics, die f\u00fcr dieses Projekt gezeichnet werden, eine m\u00f6glichst gro\u00dfe Verbreitung finden. Bitte fragen Sie die Abdruckgenehmigung und die druckf\u00e4higen Daten bei uns an!<\/p>\n\n<p style=\"font-size:18px\">Kulturamt der Stadt Erlangen<br>Abteilung Festivals und Programme<br>Annika Gloystein<\/p>\n\n<p style=\"font-size:18px\"><a href=\"mailto:presse@comic-salon.de\">presse@comic-salon.de<\/a><br>Tel. 09131\/86-1031<\/p>\n\n<div style=\"height:54px\" aria-hidden=\"true\" class=\"wp-block-spacer\"><\/div>\n\n<div class=\"wp-block-group is-layout-constrained wp-container-core-group-is-layout-0c3abed9 wp-block-group-is-layout-constrained\"><div class=\"wp-block-group alignwide is-layout-constrained wp-container-core-group-is-layout-0c3abed9 wp-block-group-is-layout-constrained\"><div class=\"wp-block-group alignwide is-content-justification-right is-nowrap is-layout-flex wp-container-core-group-is-layout-8ee43bc3 wp-block-group-is-layout-flex\" style=\"padding-right:0;padding-left:0\"><p style=\"text-decoration:underline\"><a href=\"https:\/\/wiegehtesdir-comics.de\/\">Startseite<\/a><\/p>\n\n<figure class=\"wp-block-image size-full\"><a href=\"https:\/\/wiegehtesdir-comics.de\/\"><img loading=\"lazy\" decoding=\"async\" width=\"50\" height=\"50\" src=\"https:\/\/wiegehtesdir-comics.de\/wp-content\/uploads\/2023\/12\/Home-3.png\" alt=\"\" class=\"wp-image-26\"\/><\/a><\/figure><\/div><\/div><\/div><\/div><div style=\"height:372px\" aria-hidden=\"true\" class=\"wp-block-spacer\"><\/div>","protected":false},"excerpt":{"rendered":"<p>Das Kulturamt der Stadt Erlangen begleitet das Projekt \u201eWie geht es dir? Zeichner*innen gegen Antisemitismus, Hass und Rassismus\u201c organisatorisch und koordiniert die Pressearbeit f\u00fcr die beteiligten K\u00fcnstler*innen. Sollten Sie Interesse an einem Gespr\u00e4ch mit einer*m der Initiator*innen haben, vermitteln wir das sehr gerne. Es ist im Sinne der beteiligten K\u00fcnstler*innen, dass die Comics, die f\u00fcr [&hellip;]<\/p>\n","protected":false},"author":1,"featured_media":0,"parent":0,"menu_order":0,"comment_status":"closed","ping_status":"closed","template":"","meta":{"footnotes":""},"class_list":["post-261","page","type-page","status-publish","hentry"],"_links":{"self":[{"href":"https:\/\/wiegehtesdir-comics.de\/index.php?rest_route=\/wp\/v2\/pages\/261","targetHints":{"allow":["GET"]}}],"collection":[{"href":"https:\/\/wiegehtesdir-comics.de\/index.php?rest_route=\/wp\/v2\/pages"}],"about":[{"href":"https:\/\/wiegehtesdir-comics.de\/index.php?rest_route=\/wp\/v2\/types\/page"}],"author":[{"embeddable":true,"href":"https:\/\/wiegehtesdir-comics.de\/index.php?rest_route=\/wp\/v2\/users\/1"}],"replies":[{"embeddable":true,"href":"https:\/\/wiegehtesdir-comics.de\/index.php?rest_route=%2Fwp%2Fv2%2Fcomments&post=261"}],"version-history":[{"count":8,"href":"https:\/\/wiegehtesdir-comics.de\/index.php?rest_route=\/wp\/v2\/pages\/261\/revisions"}],"predecessor-version":[{"id":381,"href":"https:\/\/wiegehtesdir-comics.de\/index.php?rest_route=\/wp\/v2\/pages\/261\/revisions\/381"}],"wp:attachment":[{"href":"https:\/\/wiegehtesdir-comics.de\/index.php?rest_route=%2Fwp%2Fv2%2Fmedia&parent=261"}],"curies":[{"name":"wp","href":"https:\/\/api.w.org\/{rel}","templated":true}]}}

<div class="wp-block-group alignwide is-layout-constrained wp-container-core-group-is-layout-bb8db2eb wp-block-group-is-layout-constrained"><h2 style="font-size:24px;font-style:normal;font-weight:600;" class="wp-block-post-title">Presse</h2>

<p style="font-size:18px">Das Kulturamt der Stadt Erlangen begleitet das Projekt „Wie geht es dir? Zeichner*innen gegen Antisemitismus, Hass und Rassismus“ organisatorisch und koordiniert die Pressearbeit für die beteiligten Künstler*innen. Sollten Sie Interesse an einem Gespräch mit einer*m der Initiator*innen haben, vermitteln wir das sehr gerne.</p>

<p style="font-size:18px">Es ist im Sinne der beteiligten Künstler*innen, dass die Comics, die für dieses Projekt gezeichnet werden, eine möglichst große Verbreitung finden. Bitte fragen Sie die Abdruckgenehmigung und die druckfähigen Daten bei uns an!</p>

<p style="font-size:18px">Kulturamt der Stadt Erlangen<br>Abteilung Festivals und Programme<br>Annika Gloystein</p>

<p style="font-size:18px"><a href="mailto:presse@comic-salon.de">presse@comic-salon.de</a><br>Tel. 09131/86-1031</p>

<div style="height:54px" aria-hidden="true" class="wp-block-spacer"></div>

<div class="wp-block-group is-layout-constrained wp-container-core-group-is-layout-0c3abed9 wp-block-group-is-layout-constrained"><div class="wp-block-group alignwide is-layout-constrained wp-container-core-group-is-layout-0c3abed9 wp-block-group-is-layout-constrained"><div class="wp-block-group alignwide is-content-justification-right is-nowrap is-layout-flex wp-container-core-group-is-layout-8ee43bc3 wp-block-group-is-layout-flex" style="padding-right:0;padding-left:0"><p style="text-decoration:underline"><a href="https://wiegehtesdir-comics.de/">Startseite</a></p>

<figure class="wp-block-image size-full"><a href="https://wiegehtesdir-comics.de/"><img loading="lazy" decoding="async" width="50" height="50" src="https://wiegehtesdir-comics.de/wp-content/uploads/2023/12/Home-3.png" alt="" class="wp-image-26"/></a></figure></div></div></div></div><div style="height:372px" aria-hidden="true" class="wp-block-spacer"></div>

<p>Das Kulturamt der Stadt Erlangen begleitet das Projekt „Wie geht es dir? Zeichner*innen gegen Antisemitismus, Hass und Rassismus“ organisatorisch und koordiniert die Pressearbeit für die beteiligten Künstler*innen. Sollten Sie Interesse an einem Gespräch mit einer*m der Initiator*innen haben, vermitteln wir das sehr gerne. Es ist im Sinne der beteiligten Künstler*innen, dass die Comics, die für [&hellip;]</p>
