{"id":259,"date":"2023-12-19T19:18:13","date_gmt":"2023-12-19T18:18:13","guid":{"rendered":"https:\/\/wiegehtesdir-comics.de\/?page_id=259"},"modified":"2023-12-22T15:20:49","modified_gmt":"2023-12-22T14:20:49","slug":"impressum","status":"publish","type":"page","link":"https:\/\/wiegehtesdir-comics.de\/?page_id=259","title":{"rendered":"Impressum"},"content":{"rendered":"<div class=\"wp-block-group alignwide is-layout-constrained wp-container-core-group-is-layout-bb8db2eb wp-block-group-is-layout-constrained\"><h2 style=\"font-size:24px;font-style:normal;font-weight:600;\" class=\"wp-block-post-title\">Impressum<\/h2>\n\n<p style=\"font-size:18px\">\u201eWie geht es dir? Zeichner*innen gegen Antisemitismus, Hass und Rassismus\u201c ist eine Initiative der K\u00fcnstler*innen Hannah Brinkmann, Nathalie Frank, Michael Jordan, Moritz Stetter, Birgit Weyhe und Barbara Yelin. Fachlich und organisatorisch begleitet wird die Initiative durch Dr. V\u00e9ronique Sina (Goethe-Universit\u00e4t Frankfurt), das Team des Internationalen Comic-Salons Erlangen sowie der Pressestelle der Stadt Erlangen.<\/p>\n\n<h2 class=\"wp-block-heading\" style=\"font-size:24px;font-style:normal;font-weight:400\"><strong>Webseite<\/strong><\/h2>\n\n<details class=\"wp-block-details is-layout-flow wp-block-details-is-layout-flow\" open><summary><strong>Stadt Erlangen \u2013 Kulturamt<\/strong><\/summary><p>Abteilung Festivals und Programme<br>Gebbertstra\u00dfe 1, 91052 Erlangen<br>Deutschland<br>Tel. +49 91 31 \/ 86-14 08<\/p>\n\n<p><a href=\"mailto:info@comic-salon.de\">info@comic-salon.de<\/a><\/p><\/details>\n\n<details class=\"wp-block-details is-layout-flow wp-block-details-is-layout-flow\" open><summary><strong><strong>Vertretungsberechtigt<\/strong><\/strong><\/summary><p>Oberb\u00fcrgermeister der Stadt Erlangen Dr. Florian Janik<\/p><\/details>\n\n<details class=\"wp-block-details is-layout-flow wp-block-details-is-layout-flow\" open><summary><strong><strong><strong>Redaktion<\/strong><\/strong><\/strong><\/summary><p>Bodo Birk, Annika Gloystein und die oben genannten Initiator*innen<\/p><\/details>\n\n<details class=\"wp-block-details is-layout-flow wp-block-details-is-layout-flow\" open><summary><strong><strong><strong><strong>Hosting<\/strong><\/strong><\/strong><\/strong><\/summary><p>Hetzner Online GmbH, Industriestr. 25, 91710 Gunzenhausen<\/p><\/details>\n\n<hr class=\"wp-block-separator alignwide has-alpha-channel-opacity is-style-dots\" style=\"margin-top:var(--wp--preset--spacing--40);margin-bottom:var(--wp--preset--spacing--40)\"\/>\n\n<details class=\"wp-block-details is-layout-flow wp-block-details-is-layout-flow\" open><summary><strong><strong><strong><strong><strong>Gem\u00e4\u00df \u00a7 28 BDSG<\/strong><\/strong><\/strong><\/strong><\/strong><\/summary><p>widerspricht das Kulturamt der Stadt Erlangen jeder kommerziellen Verwendung und Weitergabe seiner Daten.<\/p><\/details>\n\n<details class=\"wp-block-details is-layout-flow wp-block-details-is-layout-flow\" open><summary><strong><strong><strong><strong><strong><strong>Verantwortungsbereich<\/strong><\/strong><\/strong><\/strong><\/strong><\/strong><\/summary><p>Das Impressum gilt nur f\u00fcr die Internetpr\u00e4senz unter der Adresse www.wiegehtesdir-comics.de.<\/p><\/details>\n\n<details class=\"wp-block-details is-layout-flow wp-block-details-is-layout-flow\" open><summary><strong><strong><strong><strong><strong><strong><strong>Hinweise zu externen Links<\/strong><\/strong><\/strong><\/strong><\/strong><\/strong><\/strong><\/summary><p>Von unseren eigenen Inhalten sind Querverweise (\u201eLinks\u201c) auf die Webseiten anderer Anbieter zu unterscheiden. Durch diese Links erm\u00f6glichen wir lediglich den Zugang zur Nutzung fremder Inhalte nach \u00a7 8 Telemediengesetz. Bei der erstmaligen Verkn\u00fcpfung mit diesen Internetangeboten haben wir diese fremden Inhalte daraufhin \u00fcberpr\u00fcft, ob durch sie eine m\u00f6gliche zivilrechtliche oder strafrechtliche Verantwortlichkeit ausgel\u00f6st wird. Wir k\u00f6nnen diese fremden Inhalte aber nicht st\u00e4ndig auf Ver\u00e4nderungen \u00fcberpr\u00fcfen und daher auch keine Verantwortung daf\u00fcr \u00fcbernehmen. F\u00fcr illegale, fehlerhafte oder unvollst\u00e4ndige Inhalte und insbesondere f\u00fcr Sch\u00e4den, die aus der Nutzung oder Nichtnutzung von Informationen Dritter entstehen, haftet allein der jeweilige Anbieter der Seite.<\/p><\/details>\n\n<details class=\"wp-block-details is-layout-flow wp-block-details-is-layout-flow\" open><summary><strong><strong><strong><strong><strong><strong><strong><strong>Urheberschutz und Nutzung<\/strong><\/strong><\/strong><\/strong><\/strong><\/strong><\/strong><\/strong><\/summary><p>Die Inhalte und Programme dieser Website sind durch uns urheberrechtlich gesch\u00fctzt. Alle Rechte daran behalten wir uns vor. Teile dieser Website k\u00f6nnen Bilder, Texte oder Sounds beinhalten, die dem Urheberrecht Dritter unterliegen. Die Urheberrechtshinweise in diesen F\u00e4llen sind an entsprechenden Stellen vermerkt. Informationen auf dieser Website, einschlie\u00dflich Texten, Bildern und Sound, d\u00fcrfen nicht, sofern nicht ausdr\u00fccklich anders bestimmt, vervielf\u00e4ltigt, transferiert, oder vertrieben werden ohne schriftliche Genehmigung des Herausgebers. Modifikationen des Inhalts dieser Website sind ausdr\u00fccklich untersagt.<\/p><\/details>\n\n<details class=\"wp-block-details is-layout-flow wp-block-details-is-layout-flow\" open><summary><strong><strong><strong><strong><strong><strong><strong><strong><strong>Haftungsausschluss<\/strong><\/strong><\/strong><\/strong><\/strong><\/strong><\/strong><\/strong><\/strong><\/summary><p>Alle auf dieser Internetseite bereitgestellten Informationen haben wir nach bestem Wissen und Gewissen erarbeitet und gepr\u00fcft. Eine Gew\u00e4hr f\u00fcr deren jederzeitige Aktualit\u00e4t, Richtigkeit, Vollst\u00e4ndigkeit und Verf\u00fcgbarkeit k\u00f6nnen wir allerdings nicht \u00fcbernehmen. Ein Vertragsverh\u00e4ltnis mit den Nutzerinnen und Nutzern des Internetangebots kommt nicht zustande.<strong><\/strong><\/p>\n\n<p>Wir haften nicht f\u00fcr Sch\u00e4den, die durch die Nutzung dieses Internetangebots entstehen. Dieser Haftungsausschluss gilt nicht, soweit die Vorschriften des \u00a7 839 BGB (Haftung bei Amtspflichtverletzung) einschl\u00e4gig sind. F\u00fcr etwaige Sch\u00e4den, die beim Aufrufen oder Herunterladen von Daten durch Schadsoftware oder der Installation oder Nutzung von Software verursacht werden, wird nicht gehaftet.<\/p><\/details>\n\n<details class=\"wp-block-details is-layout-flow wp-block-details-is-layout-flow\" open><summary><strong><strong><strong><strong><strong><strong><strong><strong><strong><strong>Schutzrechtsverletzung<\/strong><\/strong><\/strong><\/strong><\/strong><\/strong><\/strong><\/strong><\/strong><\/strong><\/summary><p>Falls Sie vermuten, dass eines Ihrer Schutzrechte von dieser Website aus verletzt wird, teilen Sie uns das bitte umgehend per elektronischer Post an info@comic-salon.de mit, damit z\u00fcgig Abhilfe geschaffen werden kann. Bitte nehmen Sie zur Kenntnis, dass die zeitaufwendigere Einschaltung eines Anwaltes zur kostenpflichtigen Abmahnung f\u00fcr den Diensteanbieter nicht dessen wirklichem oder mutma\u00dflichem Willen entspricht.<\/p><\/details>\n\n<details class=\"wp-block-details is-layout-flow wp-block-details-is-layout-flow\" open><summary><strong><strong><strong><strong><strong><strong><strong><strong><strong><strong><strong>Widerspruch Werbe-Mails<\/strong><\/strong><\/strong><\/strong><\/strong><\/strong><\/strong><\/strong><\/strong><\/strong><\/strong><\/summary><p>Der Nutzung von im Rahmen der Impressumspflicht ver\u00f6ffentlichten Kontaktdaten zur \u00dcbersendung von nicht ausdr\u00fccklich angeforderter Werbung und Informationsmaterialien wird hiermit widersprochen. Die Betreiber der Seiten behalten sich ausdr\u00fccklich rechtliche Schritte im Falle der unverlangten Zusendung von Werbeinformationen, etwa durch Spam-E-Mails, vor.<\/p><\/details><\/div><div style=\"height:57px\" aria-hidden=\"true\" class=\"wp-block-spacer\"><\/div><div class=\"wp-block-group is-layout-constrained wp-container-core-group-is-layout-0c3abed9 wp-block-group-is-layout-constrained\"><div class=\"wp-block-group alignwide is-layout-constrained wp-container-core-group-is-layout-0c3abed9 wp-block-group-is-layout-constrained\"><div class=\"wp-block-group alignwide is-content-justification-right is-nowrap is-layout-flex wp-container-core-group-is-layout-8ee43bc3 wp-block-group-is-layout-flex\" style=\"padding-right:0;padding-left:0\"><p style=\"text-decoration:underline\"><a href=\"https:\/\/wiegehtesdir-comics.de\/\">Startseite<\/a><\/p>\n\n<figure class=\"wp-block-image size-full\"><a href=\"https:\/\/wiegehtesdir-comics.de\/\"><img loading=\"lazy\" decoding=\"async\" width=\"50\" height=\"50\" src=\"https:\/\/wiegehtesdir-comics.de\/wp-content\/uploads\/2023\/12\/Home-3.png\" alt=\"\" class=\"wp-image-26\"\/><\/a><\/figure><\/div><\/div><\/div><div style=\"height:57px\" aria-hidden=\"true\" class=\"wp-block-spacer\"><\/div>","protected":false},"excerpt":{"rendered":"<p>\u201eWie geht es dir? Zeichner*innen gegen Antisemitismus, Hass und Rassismus\u201c ist eine Initiative der K\u00fcnstler*innen Hannah Brinkmann, Nathalie Frank, Michael Jordan, Moritz Stetter, Birgit Weyhe und Barbara Yelin. Fachlich und organisatorisch begleitet wird die Initiative durch Dr. V\u00e9ronique Sina (Goethe-Universit\u00e4t Frankfurt), das Team des Internationalen Comic-Salons Erlangen sowie der Pressestelle der Stadt Erlangen. Webseite<\/p>\n","protected":false},"author":1,"featured_media":0,"parent":0,"menu_order":0,"comment_status":"closed","ping_status":"closed","template":"","meta":{"footnotes":""},"class_list":["post-259","page","type-page","status-publish","hentry"],"_links":{"self":[{"href":"https:\/\/wiegehtesdir-comics.de\/index.php?rest_route=\/wp\/v2\/pages\/259","targetHints":{"allow":["GET"]}}],"collection":[{"href":"https:\/\/wiegehtesdir-comics.de\/index.php?rest_route=\/wp\/v2\/pages"}],"about":[{"href":"https:\/\/wiegehtesdir-comics.de\/index.php?rest_route=\/wp\/v2\/types\/page"}],"author":[{"embeddable":true,"href":"https:\/\/wiegehtesdir-comics.de\/index.php?rest_route=\/wp\/v2\/users\/1"}],"replies":[{"embeddable":true,"href":"https:\/\/wiegehtesdir-comics.de\/index.php?rest_route=%2Fwp%2Fv2%2Fcomments&post=259"}],"version-history":[{"count":6,"href":"https:\/\/wiegehtesdir-comics.de\/index.php?rest_route=\/wp\/v2\/pages\/259\/revisions"}],"predecessor-version":[{"id":379,"href":"https:\/\/wiegehtesdir-comics.de\/index.php?rest_route=\/wp\/v2\/pages\/259\/revisions\/379"}],"wp:attachment":[{"href":"https:\/\/wiegehtesdir-comics.de\/index.php?rest_route=%2Fwp%2Fv2%2Fmedia&parent=259"}],"curies":[{"name":"wp","href":"https:\/\/api.w.org\/{rel}","templated":true}]}}

<div class="wp-block-group alignwide is-layout-constrained wp-container-core-group-is-layout-bb8db2eb wp-block-group-is-layout-constrained"><h2 style="font-size:24px;font-style:normal;font-weight:600;" class="wp-block-post-title">Impressum</h2>

<p style="font-size:18px">„Wie geht es dir? Zeichner*innen gegen Antisemitismus, Hass und Rassismus“ ist eine Initiative der Künstler*innen Hannah Brinkmann, Nathalie Frank, Michael Jordan, Moritz Stetter, Birgit Weyhe und Barbara Yelin. Fachlich und organisatorisch begleitet wird die Initiative durch Dr. Véronique Sina (Goethe-Universität Frankfurt), das Team des Internationalen Comic-Salons Erlangen sowie der Pressestelle der Stadt Erlangen.</p>

<h2 class="wp-block-heading" style="font-size:24px;font-style:normal;font-weight:400"><strong>Webseite</strong></h2>

<details class="wp-block-details is-layout-flow wp-block-details-is-layout-flow" open><summary><strong>Stadt Erlangen – Kulturamt</strong></summary><p>Abteilung Festivals und Programme<br>Gebbertstraße 1, 91052 Erlangen<br>Deutschland<br>Tel. +49 91 31 / 86-14 08</p>

<p><a href="mailto:info@comic-salon.de">info@comic-salon.de</a></p></details>

<details class="wp-block-details is-layout-flow wp-block-details-is-layout-flow" open><summary><strong><strong>Vertretungsberechtigt</strong></strong></summary><p>Oberbürgermeister der Stadt Erlangen Dr. Florian Janik</p></details>

<details class="wp-block-details is-layout-flow wp-block-details-is-layout-flow" open><summary><strong><strong><strong>Redaktion</strong></strong></strong></summary><p>Bodo Birk, Annika Gloystein und die oben genannten Initiator*innen</p></details>

<details class="wp-block-details is-layout-flow wp-block-details-is-layout-flow" open><summary><strong><strong><strong><strong>Hosting</strong></strong></strong></strong></summary><p>Hetzner Online GmbH, Industriestr. 25, 91710 Gunzenhausen</p></details>

<hr class="wp-block-separator alignwide has-alpha-channel-opacity is-style-dots" style="margin-top:var(--wp--preset--spacing--40);margin-bottom:var(--wp--preset--spacing--40)"/>

<details class="wp-block-details is-layout-flow wp-block-details-is-layout-flow" open><summary><strong><strong><strong><strong><strong>Gemäß § 28 BDSG</strong></strong></strong></strong></strong></summary><p>widerspricht das Kulturamt der Stadt Erlangen jeder kommerziellen Verwendung und Weitergabe seiner Daten.</p></details>

<details class="wp-block-details is-layout-flow wp-block-details-is-layout-flow" open><summary><strong><strong><strong><strong><strong><strong>Verantwortungsbereich</strong></strong></strong></strong></strong></strong></summary><p>Das Impressum gilt nur für die Internetpräsenz unter der Adresse www.wiegehtesdir-comics.de.</p></details>

<details class="wp-block-details is-layout-flow wp-block-details-is-layout-flow" open><summary><strong><strong><strong><strong><strong><strong><strong>Hinweise zu externen Links</strong></strong></strong></strong></strong></strong></strong></summary><p>Von unseren eigenen Inhalten sind Querverweise („Links“) auf die Webseiten anderer Anbieter zu unterscheiden. Durch diese Links ermöglichen wir lediglich den Zugang zur Nutzung fremder Inhalte nach § 8 Telemediengesetz. Bei der erstmaligen Verknüpfung mit diesen Internetangeboten haben wir diese fremden Inhalte daraufhin überprüft, ob durch sie eine mögliche zivilrechtliche oder strafrechtliche Verantwortlichkeit ausgelöst wird. Wir können diese fremden Inhalte aber nicht ständig auf Veränderungen überprüfen und daher auch keine Verantwortung dafür übernehmen. Für illegale, fehlerhafte oder unvollständige Inhalte und insbesondere für Schäden, die aus der Nutzung oder Nichtnutzung von Informationen Dritter entstehen, haftet allein der jeweilige Anbieter der Seite.</p></details>

<details class="wp-block-details is-layout-flow wp-block-details-is-layout-flow" open><summary><strong><strong><strong><strong><strong><strong><strong><strong>Urheberschutz und Nutzung</strong></strong></strong></strong></strong></strong></strong></strong></summary><p>Die Inhalte und Programme dieser Website sind durch uns urheberrechtlich geschützt. Alle Rechte daran behalten wir uns vor. Teile dieser Website können Bilder, Texte oder Sounds beinhalten, die dem Urheberrecht Dritter unterliegen. Die Urheberrechtshinweise in diesen Fällen sind an entsprechenden Stellen vermerkt. Informationen auf dieser Website, einschließlich Texten, Bildern und Sound, dürfen nicht, sofern nicht ausdrücklich anders bestimmt, vervielfältigt, transferiert, oder vertrieben werden ohne schriftliche Genehmigung des Herausgebers. Modifikationen des Inhalts dieser Website sind ausdrücklich untersagt.</p></details>

<details class="wp-block-details is-layout-flow wp-block-details-is-layout-flow" open><summary><strong><strong><strong><strong><strong><strong><strong><strong><strong>Haftungsausschluss</strong></strong></strong></strong></strong></strong></strong></strong></strong></summary><p>Alle auf dieser Internetseite bereitgestellten Informationen haben wir nach bestem Wissen und Gewissen erarbeitet und geprüft. Eine Gewähr für deren jederzeitige Aktualität, Richtigkeit, Vollständigkeit und Verfügbarkeit können wir allerdings nicht übernehmen. Ein Vertragsverhältnis mit den Nutzerinnen und Nutzern des Internetangebots kommt nicht zustande.<strong></strong></p>

<p>Wir haften nicht für Schäden, die durch die Nutzung dieses Internetangebots entstehen. Dieser Haftungsausschluss gilt nicht, soweit die Vorschriften des § 839 BGB (Haftung bei Amtspflichtverletzung) einschlägig sind. Für etwaige Schäden, die beim Aufrufen oder Herunterladen von Daten durch Schadsoftware oder der Installation oder Nutzung von Software verursacht werden, wird nicht gehaftet.</p></details>

<details class="wp-block-details is-layout-flow wp-block-details-is-layout-flow" open><summary><strong><strong><strong><strong><strong><strong><strong><strong><strong><strong>Schutzrechtsverletzung</strong></strong></strong></strong></strong></strong></strong></strong></strong></strong></summary><p>Falls Sie vermuten, dass eines Ihrer Schutzrechte von dieser Website aus verletzt wird, teilen Sie uns das bitte umgehend per elektronischer Post an info@comic-salon.de mit, damit zügig Abhilfe geschaffen werden kann. Bitte nehmen Sie zur Kenntnis, dass die zeitaufwendigere Einschaltung eines Anwaltes zur kostenpflichtigen Abmahnung für den Diensteanbieter nicht dessen wirklichem oder mutmaßlichem Willen entspricht.</p></details>

<details class="wp-block-details is-layout-flow wp-block-details-is-layout-flow" open><summary><strong><strong><strong><strong><strong><strong><strong><strong><strong><strong><strong>Widerspruch Werbe-Mails</strong></strong></strong></strong></strong></strong></strong></strong></strong></strong></strong></summary><p>Der Nutzung von im Rahmen der Impressumspflicht veröffentlichten Kontaktdaten zur Übersendung von nicht ausdrücklich angeforderter Werbung und Informationsmaterialien wird hiermit widersprochen. Die Betreiber der Seiten behalten sich ausdrücklich rechtliche Schritte im Falle der unverlangten Zusendung von Werbeinformationen, etwa durch Spam-E-Mails, vor.</p></details></div><div style="height:57px" aria-hidden="true" class="wp-block-spacer"></div><div class="wp-block-group is-layout-constrained wp-container-core-group-is-layout-0c3abed9 wp-block-group-is-layout-constrained"><div class="wp-block-group alignwide is-layout-constrained wp-container-core-group-is-layout-0c3abed9 wp-block-group-is-layout-constrained"><div class="wp-block-group alignwide is-content-justification-right is-nowrap is-layout-flex wp-container-core-group-is-layout-8ee43bc3 wp-block-group-is-layout-flex" style="padding-right:0;padding-left:0"><p style="text-decoration:underline"><a href="https://wiegehtesdir-comics.de/">Startseite</a></p>

<figure class="wp-block-image size-full"><a href="https://wiegehtesdir-comics.de/"><img loading="lazy" decoding="async" width="50" height="50" src="https://wiegehtesdir-comics.de/wp-content/uploads/2023/12/Home-3.png" alt="" class="wp-image-26"/></a></figure></div></div></div><div style="height:57px" aria-hidden="true" class="wp-block-spacer"></div>

<p>„Wie geht es dir? Zeichner*innen gegen Antisemitismus, Hass und Rassismus“ ist eine Initiative der Künstler*innen Hannah Brinkmann, Nathalie Frank, Michael Jordan, Moritz Stetter, Birgit Weyhe und Barbara Yelin. Fachlich und organisatorisch begleitet wird die Initiative durch Dr. Véronique Sina (Goethe-Universität Frankfurt), das Team des Internationalen Comic-Salons Erlangen sowie der Pressestelle der Stadt Erlangen. Webseite</p>
