{"id":247,"date":"2023-12-19T18:52:53","date_gmt":"2023-12-19T17:52:53","guid":{"rendered":"https:\/\/wiegehtesdir-comics.de\/?page_id=247"},"modified":"2023-12-22T15:20:03","modified_gmt":"2023-12-22T14:20:03","slug":"datenschutzerklaerung-2","status":"publish","type":"page","link":"https:\/\/wiegehtesdir-comics.de\/?page_id=247","title":{"rendered":"Datenschutzerkl\u00e4rung"},"content":{"rendered":"<div class=\"wp-block-group alignwide is-layout-constrained wp-container-core-group-is-layout-24496369 wp-block-group-is-layout-constrained\" style=\"padding-right:0;padding-left:0\"><div class=\"wp-block-group alignwide is-layout-constrained wp-container-core-group-is-layout-ff7dc3f2 wp-block-group-is-layout-constrained\" style=\"margin-top:0;margin-bottom:0;padding-right:0;padding-left:0\"><h2 style=\"font-size:24px;font-style:normal;font-weight:600;\" class=\"wp-block-post-title has-source-serif-pro-font-family\">Datenschutzerkl\u00e4rung<\/h2>\n\n<details class=\"wp-block-details is-layout-flow wp-container-core-details-is-layout-9a40b227 wp-block-details-is-layout-flow\" style=\"padding-top:var(--wp--preset--spacing--50);padding-right:0;padding-bottom:var(--wp--preset--spacing--50);padding-left:0;font-size:18px;font-style:normal;font-weight:700\" open><summary>Allgemeine Informationen<\/summary><p style=\"font-style:normal;font-weight:400\">Name und Kontaktdaten des Verantwortlichen: <br><br>Stadt Erlangen<br>Kulturamt<br>Abteilung Festivals und Programm<br><br>Gebbertra\u00dfe 1, 91052 Erlangen<br>Telefon: +49 91 31 \/ 86-14 08<br>E-Mail:&nbsp;<a href=\"mailto:info@comic-salon.de\">info@comic-salon.de<\/a><\/p><\/details>\n\n<details class=\"wp-block-details is-layout-flow wp-block-details-is-layout-flow\" style=\"border-style:none;border-width:0px;margin-top:0;margin-bottom:0\" open><summary><strong>Kontaktdaten des Datenschutzbeauftragten<\/strong><\/summary><p>Sie erreichen unsere beh\u00f6rdliche Datenschutzbeauftragte unter:<br>Beh\u00f6rdliche Datenschutzbeauftragte der Stadt Erlangen \u2013 pers\u00f6nlich \u2013<br>Postanschrift: <br><br>Rathausplatz 1, 91052 Erlangen<br>Telefon: 0 91 31\/&nbsp; 86-23 21 bzw. 86-22 73<br>Telefax: 0 91 31 \/ 86-21 34<br>E-Mail:&nbsp;<a href=\"mailto:datenschutz@stadt.erlangen.de\">datenschutz@stadt.erlangen.de<\/a><\/p><\/details>\n\n<details class=\"wp-block-details is-layout-flow wp-block-details-is-layout-flow\" open><summary><strong><strong>Empf\u00e4nger von personenbezogenen Daten<\/strong>Kontaktdaten des Datenschutzbeauftragten<\/strong><\/summary><p>Soweit Ihre Daten elektronisch verarbeitet werden, erfolgt der technische Betrieb unserer Datenverarbeitungssysteme durch:<br><br>Hetzner Online GmbH<br>Industriestr. 25<br>91710 Gunzenhausen<br>Deutschland<br><br>Telefon: +49 98 31 \/ 5 05-0<br>Telefax: +49 98 31 \/ 5 05-3<br>E-Mail:&nbsp;<a href=\"mailto:info@hetzner.com\">info@hetzner.com<\/a><\/p><\/details>\n\n<details class=\"wp-block-details is-layout-flow wp-block-details-is-layout-flow\" open><summary><strong><strong><strong>Speicherung von personenbezogenen Daten<\/strong><\/strong><\/strong><\/summary><p>Die Webseite speichert keine personenbezogenen Daten.<\/p><\/details>\n\n<details class=\"wp-block-details is-layout-flow wp-block-details-is-layout-flow\" open><summary><strong><strong><strong><strong><strong><strong><strong>Beschwerderecht bei der Aufsichtsbeh\u00f6rde<\/strong><\/strong><\/strong><\/strong><\/strong><\/strong><\/strong><\/summary><p>Weiterhin besteht ein Beschwerderecht beim Bayerischen Landesbeauftragten f\u00fcr den Datenschutz. Diesen k\u00f6nnen Sie unter folgenden Kontaktdaten erreichen:<br><br>Postanschrift: Postfach 22 12 19, 80502 M\u00fcnchen<br>Adresse: Wagm\u00fcllerstra\u00dfe 18, 80538 M\u00fcnchen<br><br>Telefon: 0 89 \/ 21 26 72-0<br>Telefax: 0 89 \/ 21 26 72-50<br>E-Mail:&nbsp;<a href=\"mailto:poststelle@datenschutz-bayern.de\">poststelle@datenschutz-bayern.de<\/a><br><a href=\"https:\/\/www.datenschutz-bayern.de\/\">Webseite<\/a><\/p><\/details>\n\n<div style=\"height:29px\" aria-hidden=\"true\" class=\"wp-block-spacer\"><\/div>\n\n<h2 class=\"wp-block-heading\" style=\"font-size:24px;font-style:normal;font-weight:600\">Informationen zum Internetauftritt<\/h2>\n\n<details class=\"wp-block-details is-layout-flow wp-block-details-is-layout-flow\" open><summary><strong><strong>Protokollierung<\/strong><\/strong><\/summary><p>Wenn Sie diese oder andere Internetseiten aufrufen, \u00fcbermitteln Sie \u00fcber Ihren Internetbrowser Daten an unseren Webserver. Die folgenden Daten werden w\u00e4hrend einer laufenden Verbindung zur Kommunikation zwischen Ihrem Internetbrowser und unserem Webserver aufgezeichnet:<\/p>\n\n<ul class=\"wp-block-list\"><li>Datum und Uhrzeit der Anforderung<\/li>\n\n<li>Name der angeforderten Datei<\/li>\n\n<li>Seite, von der aus die Datei angefordert wurde<\/li>\n\n<li>Zugriffsstatus (Datei \u00fcbertragen, Datei nicht gefunden etc.)<\/li>\n\n<li>verwendete Webbrowser und verwendetes Betriebssystem<\/li>\n\n<li>vollst\u00e4ndige IP-Adresse des anfordernden Rechners<\/li>\n\n<li>\u00fcbertragene Datenmenge.<\/li><\/ul>\n\n<p>Nach Ende der Verbindung werden die Daten durch Verk\u00fcrzung der IP-Adresse auf Domain-Ebene anonymisiert, so dass es nicht mehr m\u00f6glich ist, einen Bezug auf einzelne Nutzer*innen herzustellen.<\/p><\/details>\n\n<details class=\"wp-block-details is-layout-flow wp-block-details-is-layout-flow\" open><summary><strong><strong><strong><strong><strong><strong><strong><strong>Sichere Daten\u00fcbertagung<\/strong><\/strong><\/strong><\/strong><\/strong><\/strong><\/strong><\/strong><\/summary><p>Mit Aufruf dieses Informationsangebotes bieten wir eine mit HTTPS verschl\u00fcsselte Verbindung an, sodass Ihre Daten bei der Daten\u00fcbertragung vor einer Kenntnisnahme durch Dritte gesch\u00fctzt sind. Wir empfehlen Ihnen, Ihren Internetbrowser zur Nutzung dieser M\u00f6glichkeit aktuell zu halten.<\/p><\/details>\n\n<details class=\"wp-block-details is-layout-flow wp-block-details-is-layout-flow\" open><summary><strong><strong><strong><strong><strong><strong><strong><strong><strong>Aktive Komponenten<\/strong><\/strong><\/strong><\/strong><\/strong><\/strong><\/strong><\/strong><\/strong><\/summary><p>Wir verwenden aktive Komponenten wie Javascript, Java-Applets oder Active-X-Controls. Diese Funktion kann durch die Einstellung Ihres Internetbrowsers von Ihnen abgeschaltet werden. Dabei k\u00f6nnen wir nicht sicherstellen, dass die Funktionalit\u00e4ten der Seite noch einwandfrei abrufbar sind.<\/p><\/details>\n\n<details class=\"wp-block-details is-layout-flow wp-block-details-is-layout-flow\" open><summary><strong><strong><strong><strong><strong><strong><strong><strong><strong><strong>Cookies<\/strong><\/strong><\/strong><\/strong><\/strong><\/strong><\/strong><\/strong><\/strong><\/strong><\/summary><p>Diese Internetseiten verwenden an keiner Stelle datenschutzrelevante Cookies, die eine Zustimmung von Nutzerseite erfordern. Daher wird auch kein sogenanntes Cookie-Banner angezeigt.<\/p><\/details>\n\n<details class=\"wp-block-details is-layout-flow wp-block-details-is-layout-flow\" open><summary><strong><strong><strong><strong><strong><strong><strong><strong><strong><strong><strong>Link zu Social-Media-Kan\u00e4len<\/strong><\/strong><\/strong><\/strong><\/strong><\/strong><\/strong><\/strong><\/strong><\/strong><\/strong><\/summary><p>Social-Media-Kan\u00e4le wie Instagram sind als Links, die auf die entsprechende Website des jeweiligen Social-Media-Anbieters f\u00fchren, in diese Internetseite eingebunden. \u00dcber diese Verlinkung verlassen Sie unsere Internetseite. Sobald sich das neue Browser-Fenster \u00f6ffnet, werden Daten an Dritte \u00fcbertragen. Auf der neu aufgerufenen Seite gelten zudem die Datenschutzbestimmung des jeweiligen Seitenanbieters. Es wird darauf hingewiesen, die Datenschutzhinweise auf den jeweiligen Seiten zu beachten.<\/p><\/details>\n\n<details class=\"wp-block-details is-layout-flow wp-block-details-is-layout-flow\" open><summary><strong><strong><strong><strong><strong><strong><strong><strong><strong><strong><strong><strong>Weitere Informationen<\/strong><\/strong><\/strong><\/strong><\/strong><\/strong><\/strong><\/strong><\/strong><\/strong><\/strong><\/strong><\/summary><p>Ihr Vertrauen ist uns wichtig. Daher m\u00f6chten wir Ihnen jederzeit Rede und Antwort bez\u00fcglich der Verarbeitung Ihrer personenbezogenen Daten stehen. Wenn Sie Fragen haben, die Ihnen diese Datenschutzerkl\u00e4rung nicht beantworten konnte oder wenn Sie zu einem Punkt vertiefte Informationen w\u00fcnschen, wenden Sie sich bitte per E-Mail an uns:&nbsp;<a href=\"mailto:info@comic-salon.de\">info@comic-salon.de<\/a>&nbsp;oder an die Datenschutzbeauftragte der Stadt Erlangen unter&nbsp;<a href=\"mailto:datenschutz@stadt.erlangen.de\">datenschutz@stadt.erlangen.de<\/a>.<\/p><\/details>\n\n<div style=\"height:69px\" aria-hidden=\"true\" class=\"wp-block-spacer\"><\/div>\n\n<div class=\"wp-block-group is-layout-constrained wp-container-core-group-is-layout-0c3abed9 wp-block-group-is-layout-constrained\"><div class=\"wp-block-group alignwide is-layout-constrained wp-container-core-group-is-layout-0c3abed9 wp-block-group-is-layout-constrained\"><div class=\"wp-block-group alignwide is-content-justification-right is-nowrap is-layout-flex wp-container-core-group-is-layout-8ee43bc3 wp-block-group-is-layout-flex\" style=\"padding-right:0;padding-left:0\"><p style=\"text-decoration:underline\"><a href=\"https:\/\/wiegehtesdir-comics.de\/\">Startseite<\/a><\/p>\n\n<figure class=\"wp-block-image size-full\"><a href=\"https:\/\/wiegehtesdir-comics.de\/\"><img loading=\"lazy\" decoding=\"async\" width=\"50\" height=\"50\" src=\"https:\/\/wiegehtesdir-comics.de\/wp-content\/uploads\/2023\/12\/Home-3.png\" alt=\"\" class=\"wp-image-26\"\/><\/a><\/figure><\/div><\/div><\/div>\n\n<div style=\"height:69px\" aria-hidden=\"true\" class=\"wp-block-spacer\"><\/div><\/div><\/div>","protected":false},"excerpt":{"rendered":"<p>Informationen zum Internetauftritt<\/p>\n","protected":false},"author":1,"featured_media":0,"parent":0,"menu_order":0,"comment_status":"closed","ping_status":"closed","template":"","meta":{"footnotes":""},"class_list":["post-247","page","type-page","status-publish","hentry"],"_links":{"self":[{"href":"https:\/\/wiegehtesdir-comics.de\/index.php?rest_route=\/wp\/v2\/pages\/247","targetHints":{"allow":["GET"]}}],"collection":[{"href":"https:\/\/wiegehtesdir-comics.de\/index.php?rest_route=\/wp\/v2\/pages"}],"about":[{"href":"https:\/\/wiegehtesdir-comics.de\/index.php?rest_route=\/wp\/v2\/types\/page"}],"author":[{"embeddable":true,"href":"https:\/\/wiegehtesdir-comics.de\/index.php?rest_route=\/wp\/v2\/users\/1"}],"replies":[{"embeddable":true,"href":"https:\/\/wiegehtesdir-comics.de\/index.php?rest_route=%2Fwp%2Fv2%2Fcomments&post=247"}],"version-history":[{"count":19,"href":"https:\/\/wiegehtesdir-comics.de\/index.php?rest_route=\/wp\/v2\/pages\/247\/revisions"}],"predecessor-version":[{"id":378,"href":"https:\/\/wiegehtesdir-comics.de\/index.php?rest_route=\/wp\/v2\/pages\/247\/revisions\/378"}],"wp:attachment":[{"href":"https:\/\/wiegehtesdir-comics.de\/index.php?rest_route=%2Fwp%2Fv2%2Fmedia&parent=247"}],"curies":[{"name":"wp","href":"https:\/\/api.w.org\/{rel}","templated":true}]}}

Datenschutzerklärung

<div class="wp-block-group alignwide is-layout-constrained wp-container-core-group-is-layout-24496369 wp-block-group-is-layout-constrained" style="padding-right:0;padding-left:0"><div class="wp-block-group alignwide is-layout-constrained wp-container-core-group-is-layout-ff7dc3f2 wp-block-group-is-layout-constrained" style="margin-top:0;margin-bottom:0;padding-right:0;padding-left:0"><h2 style="font-size:24px;font-style:normal;font-weight:600;" class="wp-block-post-title has-source-serif-pro-font-family">Datenschutzerklärung</h2>

<details class="wp-block-details is-layout-flow wp-container-core-details-is-layout-9a40b227 wp-block-details-is-layout-flow" style="padding-top:var(--wp--preset--spacing--50);padding-right:0;padding-bottom:var(--wp--preset--spacing--50);padding-left:0;font-size:18px;font-style:normal;font-weight:700" open><summary>Allgemeine Informationen</summary><p style="font-style:normal;font-weight:400">Name und Kontaktdaten des Verantwortlichen: <br><br>Stadt Erlangen<br>Kulturamt<br>Abteilung Festivals und Programm<br><br>Gebbertraße 1, 91052 Erlangen<br>Telefon: +49 91 31 / 86-14 08<br>E-Mail:&nbsp;<a href="mailto:info@comic-salon.de">info@comic-salon.de</a></p></details>

<details class="wp-block-details is-layout-flow wp-block-details-is-layout-flow" style="border-style:none;border-width:0px;margin-top:0;margin-bottom:0" open><summary><strong>Kontaktdaten des Datenschutzbeauftragten</strong></summary><p>Sie erreichen unsere behördliche Datenschutzbeauftragte unter:<br>Behördliche Datenschutzbeauftragte der Stadt Erlangen – persönlich –<br>Postanschrift: <br><br>Rathausplatz 1, 91052 Erlangen<br>Telefon: 0 91 31/&nbsp; 86-23 21 bzw. 86-22 73<br>Telefax: 0 91 31 / 86-21 34<br>E-Mail:&nbsp;<a href="mailto:datenschutz@stadt.erlangen.de">datenschutz@stadt.erlangen.de</a></p></details>

<details class="wp-block-details is-layout-flow wp-block-details-is-layout-flow" open><summary><strong><strong>Empfänger von personenbezogenen Daten</strong>Kontaktdaten des Datenschutzbeauftragten</strong></summary><p>Soweit Ihre Daten elektronisch verarbeitet werden, erfolgt der technische Betrieb unserer Datenverarbeitungssysteme durch:<br><br>Hetzner Online GmbH<br>Industriestr. 25<br>91710 Gunzenhausen<br>Deutschland<br><br>Telefon: +49 98 31 / 5 05-0<br>Telefax: +49 98 31 / 5 05-3<br>E-Mail:&nbsp;<a href="mailto:info@hetzner.com">info@hetzner.com</a></p></details>

<details class="wp-block-details is-layout-flow wp-block-details-is-layout-flow" open><summary><strong><strong><strong>Speicherung von personenbezogenen Daten</strong></strong></strong></summary><p>Die Webseite speichert keine personenbezogenen Daten.</p></details>

<details class="wp-block-details is-layout-flow wp-block-details-is-layout-flow" open><summary><strong><strong><strong><strong><strong><strong><strong>Beschwerderecht bei der Aufsichtsbehörde</strong></strong></strong></strong></strong></strong></strong></summary><p>Weiterhin besteht ein Beschwerderecht beim Bayerischen Landesbeauftragten für den Datenschutz. Diesen können Sie unter folgenden Kontaktdaten erreichen:<br><br>Postanschrift: Postfach 22 12 19, 80502 München<br>Adresse: Wagmüllerstraße 18, 80538 München<br><br>Telefon: 0 89 / 21 26 72-0<br>Telefax: 0 89 / 21 26 72-50<br>E-Mail:&nbsp;<a href="mailto:poststelle@datenschutz-bayern.de">poststelle@datenschutz-bayern.de</a><br><a href="https://www.datenschutz-bayern.de/">Webseite</a></p></details>

<div style="height:29px" aria-hidden="true" class="wp-block-spacer"></div>

<h2 class="wp-block-heading" style="font-size:24px;font-style:normal;font-weight:600">Informationen zum Internetauftritt</h2>

<details class="wp-block-details is-layout-flow wp-block-details-is-layout-flow" open><summary><strong><strong>Protokollierung</strong></strong></summary><p>Wenn Sie diese oder andere Internetseiten aufrufen, übermitteln Sie über Ihren Internetbrowser Daten an unseren Webserver. Die folgenden Daten werden während einer laufenden Verbindung zur Kommunikation zwischen Ihrem Internetbrowser und unserem Webserver aufgezeichnet:</p>

<ul class="wp-block-list"><li>Datum und Uhrzeit der Anforderung</li>

<li>Name der angeforderten Datei</li>

<li>Seite, von der aus die Datei angefordert wurde</li>

<li>Zugriffsstatus (Datei übertragen, Datei nicht gefunden etc.)</li>

<li>verwendete Webbrowser und verwendetes Betriebssystem</li>

<li>vollständige IP-Adresse des anfordernden Rechners</li>

<li>übertragene Datenmenge.</li></ul>

<p>Nach Ende der Verbindung werden die Daten durch Verkürzung der IP-Adresse auf Domain-Ebene anonymisiert, so dass es nicht mehr möglich ist, einen Bezug auf einzelne Nutzer*innen herzustellen.</p></details>

<details class="wp-block-details is-layout-flow wp-block-details-is-layout-flow" open><summary><strong><strong><strong><strong><strong><strong><strong><strong>Sichere Datenübertagung</strong></strong></strong></strong></strong></strong></strong></strong></summary><p>Mit Aufruf dieses Informationsangebotes bieten wir eine mit HTTPS verschlüsselte Verbindung an, sodass Ihre Daten bei der Datenübertragung vor einer Kenntnisnahme durch Dritte geschützt sind. Wir empfehlen Ihnen, Ihren Internetbrowser zur Nutzung dieser Möglichkeit aktuell zu halten.</p></details>

<details class="wp-block-details is-layout-flow wp-block-details-is-layout-flow" open><summary><strong><strong><strong><strong><strong><strong><strong><strong><strong>Aktive Komponenten</strong></strong></strong></strong></strong></strong></strong></strong></strong></summary><p>Wir verwenden aktive Komponenten wie Javascript, Java-Applets oder Active-X-Controls. Diese Funktion kann durch die Einstellung Ihres Internetbrowsers von Ihnen abgeschaltet werden. Dabei können wir nicht sicherstellen, dass die Funktionalitäten der Seite noch einwandfrei abrufbar sind.</p></details>

<details class="wp-block-details is-layout-flow wp-block-details-is-layout-flow" open><summary><strong><strong><strong><strong><strong><strong><strong><strong><strong><strong>Cookies</strong></strong></strong></strong></strong></strong></strong></strong></strong></strong></summary><p>Diese Internetseiten verwenden an keiner Stelle datenschutzrelevante Cookies, die eine Zustimmung von Nutzerseite erfordern. Daher wird auch kein sogenanntes Cookie-Banner angezeigt.</p></details>

<details class="wp-block-details is-layout-flow wp-block-details-is-layout-flow" open><summary><strong><strong><strong><strong><strong><strong><strong><strong><strong><strong><strong>Link zu Social-Media-Kanälen</strong></strong></strong></strong></strong></strong></strong></strong></strong></strong></strong></summary><p>Social-Media-Kanäle wie Instagram sind als Links, die auf die entsprechende Website des jeweiligen Social-Media-Anbieters führen, in diese Internetseite eingebunden. Über diese Verlinkung verlassen Sie unsere Internetseite. Sobald sich das neue Browser-Fenster öffnet, werden Daten an Dritte übertragen. Auf der neu aufgerufenen Seite gelten zudem die Datenschutzbestimmung des jeweiligen Seitenanbieters. Es wird darauf hingewiesen, die Datenschutzhinweise auf den jeweiligen Seiten zu beachten.</p></details>

<details class="wp-block-details is-layout-flow wp-block-details-is-layout-flow" open><summary><strong><strong><strong><strong><strong><strong><strong><strong><strong><strong><strong><strong>Weitere Informationen</strong></strong></strong></strong></strong></strong></strong></strong></strong></strong></strong></strong></summary><p>Ihr Vertrauen ist uns wichtig. Daher möchten wir Ihnen jederzeit Rede und Antwort bezüglich der Verarbeitung Ihrer personenbezogenen Daten stehen. Wenn Sie Fragen haben, die Ihnen diese Datenschutzerklärung nicht beantworten konnte oder wenn Sie zu einem Punkt vertiefte Informationen wünschen, wenden Sie sich bitte per E-Mail an uns:&nbsp;<a href="mailto:info@comic-salon.de">info@comic-salon.de</a>&nbsp;oder an die Datenschutzbeauftragte der Stadt Erlangen unter&nbsp;<a href="mailto:datenschutz@stadt.erlangen.de">datenschutz@stadt.erlangen.de</a>.</p></details>

<div style="height:69px" aria-hidden="true" class="wp-block-spacer"></div>

<div class="wp-block-group is-layout-constrained wp-container-core-group-is-layout-0c3abed9 wp-block-group-is-layout-constrained"><div class="wp-block-group alignwide is-layout-constrained wp-container-core-group-is-layout-0c3abed9 wp-block-group-is-layout-constrained"><div class="wp-block-group alignwide is-content-justification-right is-nowrap is-layout-flex wp-container-core-group-is-layout-8ee43bc3 wp-block-group-is-layout-flex" style="padding-right:0;padding-left:0"><p style="text-decoration:underline"><a href="https://wiegehtesdir-comics.de/">Startseite</a></p>

<figure class="wp-block-image size-full"><a href="https://wiegehtesdir-comics.de/"><img loading="lazy" decoding="async" width="50" height="50" src="https://wiegehtesdir-comics.de/wp-content/uploads/2023/12/Home-3.png" alt="" class="wp-image-26"/></a></figure></div></div></div>

<div style="height:69px" aria-hidden="true" class="wp-block-spacer"></div></div></div>
